4*b. Let a(g) = -g**2 - g + 55. Let c be a(0). Calculate the greatest common factor of f and c.
11
Let d be -3*(-3)/9 + -6. Let t = d - -9. What is the highest common divisor of t and 8?
4
Let g be 1 + (-3 - -2) - -1. What is the greatest common factor of 2 and g?
1
Suppose 17*g - 19*g = -96. What is the highest common divisor of 32 and g?
16
Let c(s) = -27*s - 1. Let m be c(-3). Let x = 23 - 7. Calculate the greatest common divisor of x and m.
16
Let h(s) = -s**3 + 5*s**2 + 3*s + 1. Let j be (0 + -3)/((-3)/5). Let r be h(j). Let b be ((-64)/6)/(2/(-6)). What is the greatest common divisor of b and r?
16
Suppose -2*u + 7*u - 60 = 0. Suppose -4*d - 2*x = -4, 3*d + 4*x = 4*d + 8. Suppose 3*j + j - u = d. What is the greatest common factor of 12 and j?
3
Let k be (-93)/(-8) - 33/(-88). What is the highest common factor of k and 84?
12
Let k be 3 - ((-3)/1 + -20). What is the greatest common factor of 78 and k?
26
Suppose 5*a + 13 = -2*l, 2*l + a + 15 = 6. Let b(q) = 3*q**2 + 4*q. Let t be b(l). What is the greatest common divisor of t and 80?
16
Let v = 0 - -4. Let b = 7 - v. Suppose 4*p - 12 - 24 = 0. What is the greatest common divisor of b and p?
3
Let r(w) = w + 5. Let h be r(4). Let k = h + 11. What is the highest common divisor of k and 20?
20
Suppose z + c + 9 - 29 = 0, 2*z - 4*c - 10 = 0. Suppose 0 = -5*u + z. Let f(l) = -l + 27. Let p be f(0). Calculate the highest common divisor of p and u.
3
Suppose 2*a - 2*g - 1 = 17, -4*g - 18 = -a. What is the greatest common divisor of 21 and a?
3
Suppose 4*n = -z - 14, z = 6*z - n - 14. Suppose -z*x + 3*x = 4. What is the highest common factor of 8 and x?
4
Let p be (-5)/(-25) - 1094/(-5). Suppose 0*a + p = 3*a. Suppose -q + a = k - 62, -q = -5. Calculate the highest common divisor of k and 26.
26
Let k be (-2 - 1)*(-33 + -9). Calculate the greatest common divisor of k and 18.
18
Suppose -108 = -2*u + 2*f, 4*u - 2*f - 364 = -144. Calculate the greatest common factor of u and 14.
14
Let t(w) = w**2 - 18*w + 38. Let m be t(17). What is the greatest common factor of m and 21?
21
Let n = -9 - -9. Suppose 4*p - 74 = -n*a - 2*a, 0 = -4*p - 4*a + 68. What is the greatest common factor of p and 30?
10
Suppose -2*a + 39 = -3*v + 2*v, 1 = v. Suppose 0 = 2*z + 7 - 15. What is the greatest common factor of z and a?
4
Let b be (-6)/4 - (-35)/28*102. What is the greatest common factor of b and 14?
14
Suppose -654 = -3*i - 0*i. Let f be i*2/4 - 1. What is the greatest common factor of f and 12?
12
Let b(n) = 9*n - 57. Let m be b(9). What is the highest common factor of 264 and m?
24
Let z = 7 + -3. What is the greatest common factor of z and 4?
4
Let u(w) = -w + 3. Let q be u(-4). Calculate the highest common divisor of q and 77.
7
Let p(k) = 2*k**2 - 2*k + 5. Let b be (-7)/((-12)/(-4) + -2). Let l be p(b). Calculate the highest common factor of 13 and l.
13
Suppose 13 = -5*j + 48. Calculate the greatest common factor of 63 and j.
7
Suppose 0 = -5*b - 5*i - 260, 5*b = 2*i + 2*i - 260. Let u = b + 87. Let o be ((-3)/(-2))/(3/28). What is the highest common factor of u and o?
7
Let c = 59 + 1. What is the highest common divisor of 12 and c?
12
Let d(c) = 2*c**2 + 4*c**2 - c**3 - 3*c + 3*c + 1 + c. Let t be 12/9*(-9)/(-2). Let l be d(t). Calculate the highest common divisor of 14 and l.
7
Suppose 0 = -4*o + 4*q + 80, -5*o + 4*o - 3*q = 0. Calculate the greatest common divisor of 15 and o.
15
Suppose 0 = 2*m - 0 - 8. Let o = 4 + -2. Let c be o + (0 + 29 - -1). Calculate the highest common divisor of m and c.
4
Let b(o) = 12*o**2 - 5*o - 3. Let r be b(-1). Calculate the greatest common factor of 2 and r.
2
Let y = -57 - -69. Suppose 0*l - u + 2 = l, -3*u + 6 = 0. Suppose l = 4*t - 21 - 27. What is the greatest common divisor of t and y?
12
Let a(m) = m + 15. Let s be a(0). Let l = s + -5. What is the greatest common factor of l and 2?
2
Let a(g) = g - 6. Let j be a(12). Let p be 32 - j/9*3. Calculate the highest common divisor of 12 and p.
6
Let s = -37 - -52. What is the highest common factor of 165 and s?
15
Let c = 4 + -1. Let x be -4 + (-2 - -3) + 3. Suppose r = -4*w + 12 + 7, x = -5*r - 2*w + 131. What is the greatest common divisor of c and r?
3
Let g = 13 - 9. Let y = g - -5. Calculate the highest common divisor of 9 and y.
9
Let x(p) = -p - 5. Let f be x(-15). What is the highest common divisor of 25 and f?
5
Let r be (-56)/8*(-20)/14. Calculate the highest common divisor of r and 10.
10
Let t be 2/(-9) - 194/18. Let l = t + 171. What is the highest common factor of l and 16?
16
Let r(b) = b**2 - 2*b + 42. Let y be r(-7). What is the highest common factor of y and 35?
35
Suppose 0 = 5*c, -2*w - 5*c + 12 = 2*w. Let d be (2 + (-14)/6)*w. Let z be 2/(d + (-9)/(-7)). What is the greatest common divisor of z and 56?
7
Suppose m - 9 = 5*c - 49, -2*m - 3*c - 15 = 0. Let x be (-276)/(-10) - 6/m. What is the highest common factor of 42 and x?
14
Let p be -6*2/(-3)*1. Let y(s) = -s**2 + 9*s - 8. Let d be y(6). Calculate the highest common factor of p and d.
2
Suppose 4*n - 4*x = -x - 67, x - 5 = 0. Let z = n - -26. Calculate the highest common factor of 104 and z.
13
Let b(u) = u**3 - 6*u**2 - 11*u - 5. Let x = -21 + 29. Let o be b(x). Let w = -8 + 15. Calculate the greatest common divisor of o and w.
7
Suppose 4*g = 20, 5*g - 650 - 775 = -5*d. Suppose -x + 87 = 2*u - 117, 3*u - 5*x - d = 0. Calculate the highest common divisor of u and 20.
20
Let i(n) = 8*n**2 + 2*n + 1. Suppose -3*d + 2 - 1 = -4*x, -4 = x + 3*d. Let l be i(x). Let p = 37 - 16. Calculate the highest common divisor of l and p.
7
Let v = -7 - -11. Let s = v + -3. Let p be 6/3 - s - -9. What is the highest common divisor of 80 and p?
10
Suppose -n = -2*n + 7. Let t = 25 + n. Suppose 4*s - 12 = t. What is the highest common divisor of s and 22?
11
Suppose 3*v - 148 = 68. Calculate the greatest common factor of 36 and v.
36
Let t be 1 + 0 - (-8 - -9). Let q be ((-2)/2 - -3) + t. Let l be 47 + (-5)/1 + q. What is the highest common factor of 11 and l?
11
Suppose 3*c = 4*v + v + 19, 2*c - 20 = -4*v. Suppose -3*j - c = -j, 0 = w + 5*j + 19. Let l be 36/8*(w - -1). Calculate the greatest common divisor of 9 and l.
9
Let i(r) = -r**2 + 16*r - 12. Let k = -21 - -35. Let h be i(k). What is the greatest common divisor of h and 176?
16
Let u = -64 - -46. Let o be 1952/36 + 4/u. Let l be (-4)/18 + 336/o. Calculate the greatest common divisor of 6 and l.
6
Suppose 4*v + 3 = 5*f, 5*v + 36 + 9 = -2*f. Let h(a) = -2*a - 4. Let m be h(v). Let k be (m/(-2))/(1 + -2). What is the greatest common factor of k and 40?
5
Let r = 15 - -2. Calculate the highest common factor of 170 and r.
17
Let i = 15 + -14. Calculate the greatest common factor of 1 and i.
1
Let u(a) = -a + 3*a - a. Let h be u(1). Let n(b) = 17*b**2 + b. Let d be n(h). Calculate the highest common factor of d and 198.
18
Let q(c) = 10*c**2 + 3*c + 7. Let g be q(-5). Let p = -132 + g. Calculate the greatest common factor of 10 and p.
10
Let d(k) = -k**2 + 4*k + 1. Let l be d(2). Suppose l*h - 7 = 8. What is the greatest common divisor of 24 and h?
3
Let j be (-1)/(-1*(-1)/(-3)). Suppose i = j*p - 5*p - 7, 3*i - 19 = 4*p. Let x be (1/i - 0)*1. Calculate the greatest common divisor of 9 and x.
1
Let y = 78 - -102. Calculate the highest common factor of 18 and y.
18
Suppose -3*a + 2*v = -14, 19 + 7 = 5*a - 4*v. Suppose -4*i + 64 = 3*l + l, 4*l - 62 = -a*i. What is the highest common factor of 60 and l?
15
Let z = 5 - 2. Let a be (-8 + -2)/(z/(-6)). Calculate the highest common divisor of 5 and a.
5
Suppose -20 = 6*v - 8*v. Calculate the greatest common factor of v and 40.
10
Suppose -l + 43 = i, 0*i - i - 5*l = -55. Let c be (i/(-6))/(20/(-30)). What is the highest common factor of 20 and c?
10
Suppose 2*v = 34 - 14. Let x(i) = -i**2 + 7*i + 4. Let d be x(7). Suppose -5*t = r - 35, -3*t = d*r - 102 - 4. Calculate the greatest common divisor of r and v.
5
Let v = 197 - 353. Let y be 2/4*v/(-6). Calculate the highest common divisor of 26 and y.
13
Suppose 7*y - 10*y = -24. Calculate the highest common factor of 32 and y.
8
Let f(j) = -2*j**2 - 2*j - 2. Let r be f(-2). Let m(i) = -i**2 - 8*i - 8. Let b be m(r). Calculate the greatest common divisor of b and 2.
2
Let d be 0 + (-18)/(2 + 0). Let k = -5 - d. Calcula